t are the prime factors of g(r)?
37
List the prime factors of (-2)/(-9) - (-23391)/81.
17
Suppose -185*i + 121667 = -136*i. What are the prime factors of i?
13, 191
Let i(p) = 1 - 5*p - 10*p - 9 + p + 2*p**2. What are the prime factors of i(-6)?
2, 37
Suppose -3*h = -r + 6*r - 49, -15 = -r + 2*h. Suppose -4*u + r*u = 658. List the prime factors of u.
2, 47
Let m be ((1 - 4) + 3)/(-2). Suppose m = 4*f + 5*d - 125, 5*f + d = -3*d + 163. What are the prime factors of f?
5, 7
What are the prime factors of ((-759)/(-22) - -3)*16/6?
2, 5
Let t = -19 - -23. Suppose -2*g + 15 = v - g, -5*g = t*v - 60. List the prime factors of v.
3, 5
Suppose 186 = -8*s + 2962. List the prime factors of s.
347
Let t = 5786 - 3888. Suppose -13*j + 0*j = -t. List the prime factors of j.
2, 73
Suppose -2*l - 4*n = -3788, 35*n - 34*n = 2*l - 3783. What are the prime factors of l?
2, 11, 43
Suppose 0*d = 2*d + 40. Let n be (-404)/(-10) - d/(-50). Let o = -25 + n. What are the prime factors of o?
3, 5
Suppose -3*j - 33 = -5*p, -4*p + 2*j + 10 = -2*p. List the prime factors of 198/((27/2)/p).
2, 3, 11
Let i be 2/4 - 93/(-2). Suppose 150 = 3*v + 2*g, -v + i + 8 = -g. Suppose -258 - v = -5*d. What are the prime factors of d?
2, 31
Suppose 5*n - 15 = 5*u, 5*n + 1 = 26. Let j(g) = -g. Let d(p) = 18*p + 3. Let v(s) = d(s) + 3*j(s). What are the prime factors of v(u)?
3, 11
Let x(p) = -p**3 - 31*p**2 - 37*p + 34. Let q be 2508/(-84) - ((-13)/7 + 2). What are the prime factors of x(q)?
2, 61
Let c(o) = -2*o**3 + 4*o**2 + o. Let p be c(4). Let m = 194 + p. What are the prime factors of m?
2, 67
Suppose 5*n = 2*n - 108. Suppose 3*l - 50 = -2*l. List the prime factors of (n/(-10))/(4/l).
3
Suppose 4*a + 14 = 2*a. Let i(m) = -m**3 - 6*m**2 + 7*m. Let z be i(a). Suppose z = -g - 15 + 41. List the prime factors of g.
2, 13
Let z = 534 - -191. What are the prime factors of z?
5, 29
Let p be (19 - -5) + (-1)/(2/(-4)). Suppose 3*q + 3*f - 124 = p, -3*f = q - 50. List the prime factors of q.
2, 5
Suppose -3*b - 360 = -3*d, d + 4*b - 56 = 64. What are the prime factors of d?
2, 3, 5
Suppose -2*b + 384 = -3*l, -5*l = 5*b - 8*b + 574. Suppose 5*c - 2*c = b. What are the prime factors of c?
2, 3, 11
Let d be (-4)/12*(-171)/3. List the prime factors of 48/10*950/d.
2, 3, 5
Let x = 975 + -311. List the prime factors of x.
2, 83
Suppose -2*p = -4*d - 302, 2*d + p = -181 + 20. What are the prime factors of d*(-3 - -2) - 1?
7, 11
Suppose -5*h = 2*l - 3373, -3*h = -29*l + 33*l - 6767. List the prime factors of l.
2, 7, 11
Let t = 24 - 24. Suppose -4*w + 84 + 100 = t. What are the prime factors of w?
2, 23
Let s = 15938 - 9175. List the prime factors of s.
6763
Let p = -12 - -21. Suppose 0 = d - 3 + 6. Let o = p + d. List the prime factors of o.
2, 3
Let j(w) = -w + 11. Let z be j(9). Suppose 0 = z*g - 21 - 25. Let o = g + -3. List the prime factors of o.
2, 5
Suppose 5*w - 37*o + 40*o = 11208, o + 6722 = 3*w. What are the prime factors of w?
3, 83
Let u = 102 + -183. Let v = 0 - u. What are the prime factors of v?
3
Let a = 1108 + 188. What are the prime factors of a?
2, 3
Let g(m) = -m**3 + 49*m**2 - 30*m - 571. List the prime factors of g(46).
4397
Suppose 2*u - 6 + 0 = 0. Suppose -u*v = -v - 18. What are the prime factors of v?
3
Suppose 3*q = -18*q + 3150. What are the prime factors of q?
2, 3, 5
Suppose 13*g - 17282 = -2501. What are the prime factors of g?
3, 379
Let j = 9 - 7. Let g(p) = -15*p**3 + 4*p**2 - p - 2. Let q be g(j). What are the prime factors of q/2*(-2)/4?
3
List the prime factors of ((-4)/(-2))/((-51)/(-34833)).
2, 683
Let q be 14/(-8) - -2 - 204/48. What are the prime factors of (-3 + 3)/(q + 6) - -98?
2, 7
Let s be 3*(685/(-15) - -1). Let t = 100 - s. List the prime factors of t.
2, 3, 13
Let t(c) = 4*c**2 - 6*c + 17. Let k be t(-8). Let w = k - 176. List the prime factors of w.
5, 29
Let m be (-2 - -1)/(5/(-25)). Let o be m + 0 + (2 - 5). Suppose -4*l + 3*d + 6 = -2*d, 0 = d - o. What are the prime factors of l?
2
Let i = -116 - -121. Suppose 0 = 4*p + 2*y - 502, -p + 2*p = -i*y + 148. What are the prime factors of p?
3, 41
Let o(g) = g**2 + g - 5. Let x be o(-4). What are the prime factors of (900/35)/(1/x)?
2, 3, 5
Let n(s) = 40*s - 306. What are the prime factors of n(27)?
2, 3, 43
Let q(p) = p**2 - 4*p - 4. Let t be q(4). List the prime factors of -3*t/(-14)*-7.
2, 3
Suppose 8*t - 92 = 4*t. Let k = 6 + -3. Suppose t = -k*u + 149. List the prime factors of u.
2, 3, 7
Suppose -2*c - 14 = -2*i - 4, 4*c + 41 = -3*i. Let r(o) = -o**3 - 2*o - 7*o - 9*o**2 - 1 + 2*o - 2*o. List the prime factors of r(c).
7
Let d = 2 + 2. Let u(h) = h**2 - 2*h + 10. What are the prime factors of u(d)?
2, 3
Suppose 2*j - 10 = -4*l, -4*j + 0 = 3*l - 5. Suppose -l*z = -0*z. Suppose 2*t - 23 - 65 = z. What are the prime factors of t?
2, 11
Suppose -3 - 9 = -i + 5*z, 5*z - 54 = -2*i. List the prime factors of 91/(-26)*-2*i.
2, 7, 11
Let c(o) = 133*o + 64. What are the prime factors of c(6)?
2, 431
Suppose 6 = h + 1. Let x = h + 0. Suppose s + f = 4, 0*s = -2*s + x*f + 43. List the prime factors of s.
3
Let r(b) = 2*b - 3. Let l be ((-4)/6)/(1/51). Let d = -21 - l. What are the prime factors of r(d)?
23
Suppose 2*l = -3*f + 101, 0*f - 2*f = -l - 58. Suppose -4*z + 85 = y, z + 103 = 2*y - f. What are the prime factors of y?
3, 23
Let c = -17 + 41. Suppose -c = -a + 24. Suppose -3*d = -12, -n - n = -5*d - a. List the prime factors of n.
2, 17
Suppose -5*j - 76 = -16. What are the prime factors of j/8*94/(-3)?
47
Suppose a + 2*r - 7*r - 417 = 0, 0 = 5*a + 4*r - 2056. List the prime factors of a.
2, 103
Let g = 15 + -17. List the prime factors of g/(-3) + (-88)/(-3)*1.
2, 3, 5
Let c = 9 - 5. Let g be c/6 - 49/(-21). Suppose -g*r = b - 2*b - 32, 0 = 4*r + 2*b - 26. List the prime factors of r.
3
Suppose 34*z + 4358 = 51380. List the prime factors of z.
3, 461
Let c(p) = -p**2 - p - 1. Let w(l) = 4*l**2 + 22*l - 32. Let h(j) = -5*c(j) - w(j). List the prime factors of h(15).
7
Suppose -2*j - 10 + 90 = 0. Suppose 5*x - j = -4*w, -x = 4 - 8. Suppose 2*n = 0, -w*z + 75 = -n - n. List the prime factors of z.
3, 5
Suppose 2*r = 3*r - 32. What are the prime factors of r?
2
Let c(f) be the first derivative of 7*f**2/2 + 20*f + 40. List the prime factors of c(24).
2, 47
Let w = 394 - 167. What are the prime factors of w?
227
Suppose -19*p - 105 + 10 = 0. List the prime factors of (127/(-3))/(p/15).
127
Suppose 3*r + 2*r = -3890. What are the prime factors of r/(-18) - 30/135?
43
Let h = -87 + 89. Suppose 2*z + 0*n - 156 = 3*n, 0 = -z + h*n + 76. What are the prime factors of z?
2, 3, 7
Let u(s) be the third derivative of -17*s**4/24 - 4*s**3/3 + 3*s**2. Let z(n) = 34*n + 17. Let l(w) = 13*u(w) + 6*z(w). List the prime factors of l(-1).
3, 5
Let b be (-382)/18 - 18/(-81). What are the prime factors of (-482)/(-6) - 14/b?
3
Let g(n) = -1. Let h(q) = -q + 2. Let k(o) = 6*g(o) - h(o). Let a be k(8). Suppose a - 18 = -3*y. What are the prime factors of y?
2, 3
Let s = -22 - -39. Let k = -41 - s. What are the prime factors of k/(3 + -5 + 0)?
29
Let y(i) = -86*i - 88. List the prime factors of y(-14).
2, 3, 31
Let u(f) = -f**2 + 4*f + 7. Let z be u(5). Suppose -5*m + 0*h - z = -3*h, -7 = 5*m + 2*h. What are the prime factors of (-4)/(-4*m/(-10))?
2, 5
What are the prime factors of (-10 + (-15)/(-3))*210/(-2)?
3, 5, 7
Suppose -3*z + a = -5, 3*a + 0 = 12. Let i(s) = -2*s + 10. List the prime factors of i(z).
2
Suppose -2*y + 2*c + 66 = 0, -y + 2*c + 21 = 5*c. Suppose -12*o = -y - 162. List the prime factors of o.
2
Suppose 76 = -26*j + 30*j. What are the prime factors of j?
19
Suppose -b = a + 166, 664 = 2*b - 6*b + a. Let v be -2*-2*b/4. What are the prime factors of (1 - 2)*v/2?
83
Suppose 2*g - 192 = -4*d, 458 = g + 4*g - d. What are the prime factors of g?
2, 23
Let g(y) = 2*y**2 + 14*y - 9. Let u be g(-7). Let f(i) = i**2 + i + 12. Let w be f(u). Suppose 11*z = 8*z + w. List the prime factors of z.
2, 7
Suppose 5 + 4 = -3*l. Let i = -3 - l. Let g = 3 - i. What are the prime factors of g?
3
Let c(r) = 125*r - 394. List the prime factors of c(43).
17, 293
Let u(q) = q - 8. Let o be u(14). Let a(i) = -i + 2. Let h be a(3). Let y = o - h. List the prime factors of y.
7
Suppose 30 = 4*v + 6*v. Suppose 0 = -v*h + 14 + 16.